
{"id":2,"date":"2025-05-09T03:33:06","date_gmt":"2025-05-09T01:33:06","guid":{"rendered":"https:\/\/viviendabienestar.gob.mx\/?page_id=2"},"modified":"2026-01-29T17:23:34","modified_gmt":"2026-01-29T23:23:34","slug":"inicio","status":"publish","type":"page","link":"https:\/\/viviendabienestar.gob.mx\/","title":{"rendered":"Inicio"},"content":{"rendered":"\t\t<div data-elementor-type=\"wp-page\" data-elementor-id=\"2\" class=\"elementor elementor-2\">\n\t\t\t\t<div class=\"elementor-element elementor-element-15a9f6b e-flex e-con-boxed e-con e-parent\" data-id=\"15a9f6b\" data-element_type=\"container\" data-e-type=\"container\">\n\t\t\t\t\t<div class=\"e-con-inner\">\n\t\t\t\t<div class=\"elementor-element elementor-element-d964463 elementor-widget elementor-widget-video\" data-id=\"d964463\" data-element_type=\"widget\" data-e-type=\"widget\" data-settings=\"{&quot;video_type&quot;:&quot;hosted&quot;,&quot;autoplay&quot;:&quot;yes&quot;,&quot;controls&quot;:&quot;yes&quot;}\" data-widget_type=\"video.default\">\n\t\t\t\t<div class=\"elementor-widget-container\">\n\t\t\t\t\t\t\t<div class=\"e-hosted-video elementor-wrapper elementor-open-inline\">\n\t\t\t\t\t<video class=\"elementor-video\" src=\"https:\/\/viviendabienestar.gob.mx\/wp-content\/uploads\/2026\/01\/Micrositio-2026.mov\" autoplay=\"\" controls=\"\" controlsList=\"nodownload\"><\/video>\n\t\t\t\t<\/div>\n\t\t\t\t\t\t<\/div>\n\t\t\t\t<\/div>\n\t\t\t\t\t<\/div>\n\t\t\t\t<\/div>\n\t\t<div class=\"elementor-element elementor-element-07ed72e e-flex e-con-boxed e-con e-parent\" data-id=\"07ed72e\" data-element_type=\"container\" data-e-type=\"container\">\n\t\t\t\t\t<div class=\"e-con-inner\">\n\t\t\t\t<div class=\"elementor-element elementor-element-36ebdfc elementor-widget elementor-widget-heading\" data-id=\"36ebdfc\" data-element_type=\"widget\" data-e-type=\"widget\" data-widget_type=\"heading.default\">\n\t\t\t\t<div class=\"elementor-widget-container\">\n\t\t\t\t\t<h1 class=\"elementor-heading-title elementor-size-default\">Una vivienda adecuada es tu derecho<\/h1>\t\t\t\t<\/div>\n\t\t\t\t<\/div>\n\t\t\t\t\t<\/div>\n\t\t\t\t<\/div>\n\t\t<div class=\"elementor-element elementor-element-95f2598 e-flex e-con-boxed e-con e-parent\" data-id=\"95f2598\" data-element_type=\"container\" data-e-type=\"container\">\n\t\t\t\t\t<div class=\"e-con-inner\">\n\t\t\t\t<div class=\"elementor-element elementor-element-557139b elementor-widget elementor-widget-text-editor\" data-id=\"557139b\" data-element_type=\"widget\" data-e-type=\"widget\" data-widget_type=\"text-editor.default\">\n\t\t\t\t<div class=\"elementor-widget-container\">\n\t\t\t\t\t\t\t\t\t<p><span style=\"font-weight: 400;\">El <\/span><b>Programa de Vivienda para el Bienestar<\/b><span style=\"font-weight: 400;\"> es uno de los 100 compromisos del Gobierno de la <\/span><b>presidenta Claudia Sheinbaum<\/b><span style=\"font-weight: 400;\">, que tiene como objetivo contribuir a que las familias mexicanas tengan acceso a una <\/span><b>vivienda adecuada <\/b><span style=\"font-weight: 400;\">con la construcci\u00f3n de un <\/span><b>mill\u00f3n 800 mil viviendas.<\/b><\/p><p><span style=\"font-weight: 400;\">Si eres jefa de familia, madre soltera, adulto mayor, persona con discapacidad o perteneces a una comunidad ind\u00edgena, este programa est\u00e1 pensado para ti.<\/span><\/p><p><span style=\"font-weight: 400;\">A trav\u00e9s de financiamiento a tasa cero, cr\u00e9ditos, y subsidios para mejorar o construir tu vivienda, queremos que m\u00e1s personas tengan acceso a una vivienda adecuada.<\/span><\/p><p><span style=\"font-weight: 400;\">\u00a1Inf\u00f3rmate y aprovecha este beneficio que el Gobierno de M\u00e9xico tiene para ti!<\/span><\/p>\t\t\t\t\t\t\t\t<\/div>\n\t\t\t\t<\/div>\n\t\t\t\t\t<\/div>\n\t\t\t\t<\/div>\n\t\t<div class=\"elementor-element elementor-element-8c4560f e-con-full e-flex e-con e-parent\" data-id=\"8c4560f\" data-element_type=\"container\" data-e-type=\"container\">\n\t\t\t\t<div class=\"elementor-element elementor-element-d01ecc1 elementor-widget elementor-widget-image\" data-id=\"d01ecc1\" data-element_type=\"widget\" data-e-type=\"widget\" data-widget_type=\"image.default\">\n\t\t\t\t<div class=\"elementor-widget-container\">\n\t\t\t\t\t\t\t\t\t\t\t\t\t\t\t<img fetchpriority=\"high\" decoding=\"async\" width=\"1200\" height=\"600\" src=\"https:\/\/viviendabienestar.gob.mx\/wp-content\/uploads\/2025\/05\/sedatu-banner-sitio-inicio.png\" class=\"attachment-full size-full wp-image-707\" alt=\"\" srcset=\"https:\/\/viviendabienestar.gob.mx\/wp-content\/uploads\/2025\/05\/sedatu-banner-sitio-inicio.png 1200w, https:\/\/viviendabienestar.gob.mx\/wp-content\/uploads\/2025\/05\/sedatu-banner-sitio-inicio-300x150.png 300w, https:\/\/viviendabienestar.gob.mx\/wp-content\/uploads\/2025\/05\/sedatu-banner-sitio-inicio-768x384.png 768w\" sizes=\"(max-width: 1200px) 100vw, 1200px\" \/>\t\t\t\t\t\t\t\t\t\t\t\t\t\t\t<\/div>\n\t\t\t\t<\/div>\n\t\t\t\t<\/div>\n\t\t\t\t<\/div>\n\t\t","protected":false},"excerpt":{"rendered":"<p>https:\/\/viviendabienestar.gob.mx\/wp-content\/uploads\/2026\/01\/Micrositio-2026.mov Una vivienda adecuada es tu derecho El Programa de Vivienda para el Bienestar es uno de los 100 compromisos [&hellip;]<\/p>\n","protected":false},"author":1,"featured_media":0,"parent":0,"menu_order":0,"comment_status":"closed","ping_status":"closed","template":"elementor_header_footer","meta":{"site-sidebar-layout":"default","site-content-layout":"","ast-site-content-layout":"default","site-content-style":"default","site-sidebar-style":"default","ast-global-header-display":"","ast-banner-title-visibility":"","ast-main-header-display":"","ast-hfb-above-header-display":"","ast-hfb-below-header-display":"","ast-hfb-mobile-header-display":"","site-post-title":"disabled","ast-breadcrumbs-content":"","ast-featured-img":"","footer-sml-layout":"","ast-disable-related-posts":"","theme-transparent-header-meta":"","adv-header-id-meta":"","stick-header-meta":"","header-above-stick-meta":"","header-main-stick-meta":"","header-below-stick-meta":"","astra-migrate-meta-layouts":"default","ast-page-background-enabled":"default","ast-page-background-meta":{"desktop":{"background-color":"var(--ast-global-color-5)","background-image":"","background-repeat":"repeat","background-position":"center center","background-size":"auto","background-attachment":"scroll","background-type":"","background-media":"","overlay-type":"","overlay-color":"","overlay-opacity":"","overlay-gradient":""},"tablet":{"background-color":"","background-image":"","background-repeat":"repeat","background-position":"center center","background-size":"auto","background-attachment":"scroll","background-type":"","background-media":"","overlay-type":"","overlay-color":"","overlay-opacity":"","overlay-gradient":""},"mobile":{"background-color":"","background-image":"","background-repeat":"repeat","background-position":"center center","background-size":"auto","background-attachment":"scroll","background-type":"","background-media":"","overlay-type":"","overlay-color":"","overlay-opacity":"","overlay-gradient":""}},"ast-content-background-meta":{"desktop":{"background-color":"var(--ast-global-color-4)","background-image":"","background-repeat":"repeat","background-position":"center center","background-size":"auto","background-attachment":"scroll","background-type":"","background-media":"","overlay-type":"","overlay-color":"","overlay-opacity":"","overlay-gradient":""},"tablet":{"background-color":"var(--ast-global-color-4)","background-image":"","background-repeat":"repeat","background-position":"center center","background-size":"auto","background-attachment":"scroll","background-type":"","background-media":"","overlay-type":"","overlay-color":"","overlay-opacity":"","overlay-gradient":""},"mobile":{"background-color":"var(--ast-global-color-4)","background-image":"","background-repeat":"repeat","background-position":"center center","background-size":"auto","background-attachment":"scroll","background-type":"","background-media":"","overlay-type":"","overlay-color":"","overlay-opacity":"","overlay-gradient":""}},"footnotes":""},"class_list":["post-2","page","type-page","status-publish","hentry"],"_links":{"self":[{"href":"https:\/\/viviendabienestar.gob.mx\/index.php?rest_route=\/wp\/v2\/pages\/2","targetHints":{"allow":["GET"]}}],"collection":[{"href":"https:\/\/viviendabienestar.gob.mx\/index.php?rest_route=\/wp\/v2\/pages"}],"about":[{"href":"https:\/\/viviendabienestar.gob.mx\/index.php?rest_route=\/wp\/v2\/types\/page"}],"author":[{"embeddable":true,"href":"https:\/\/viviendabienestar.gob.mx\/index.php?rest_route=\/wp\/v2\/users\/1"}],"replies":[{"embeddable":true,"href":"https:\/\/viviendabienestar.gob.mx\/index.php?rest_route=%2Fwp%2Fv2%2Fcomments&post=2"}],"version-history":[{"count":118,"href":"https:\/\/viviendabienestar.gob.mx\/index.php?rest_route=\/wp\/v2\/pages\/2\/revisions"}],"predecessor-version":[{"id":1360,"href":"https:\/\/viviendabienestar.gob.mx\/index.php?rest_route=\/wp\/v2\/pages\/2\/revisions\/1360"}],"wp:attachment":[{"href":"https:\/\/viviendabienestar.gob.mx\/index.php?rest_route=%2Fwp%2Fv2%2Fmedia&parent=2"}],"curies":[{"name":"wp","href":"https:\/\/api.w.org\/{rel}","templated":true}]}}